t common divisor of 100 and a?
20
Let y(g) = -g - 4. Let z = 7 + -16. Let j be y(z). Suppose -j*i + 4*i = -60. What is the greatest common divisor of 20 and i?
20
Let o(m) = m**3 - m + 1. Let p be o(0). Let f be 2/(-2*(-3)/3). What is the greatest common divisor of p and f?
1
Let o be 1/(-3) - 10/6. Let h(p) = 6*p**2 - 3*p - 2. Let m be h(o). What is the greatest common factor of 4 and m?
4
Suppose 2 = h - 0. What is the highest common divisor of h and 8?
2
Suppose -15 = -d - 3*g, 3*d = -d - g + 38. Suppose -2*h = 4*r + h - d, 9 = -r - 3*h. What is the greatest common divisor of 66 and r?
6
Suppose -i + c = -11, 5*c = -3*i + 6*c + 41. What is the highest common factor of i and 15?
15
Let z be (-1)/2*(-32)/(-4). Let b be (-5 - z) + (-58)/(-1). What is the greatest common factor of 38 and b?
19
Let n(y) = y**3 + 4*y**2 - y + 5. Suppose 3*r + 4 = -g, -2*r = g - 5*r + 4. Let s be n(g). Calculate the greatest common factor of s and 1.
1
Let t = 53 - 95. Suppose -16 = 4*a - 8*a. Let m be (t/a)/((-4)/40). What is the greatest common factor of 21 and m?
21
Let s be (16/(-10))/(2/270). Let u = -139 - s. Calculate the greatest common factor of 11 and u.
11
Let i(h) be the third derivative of -9*h**4/8 + h**2. Let p be i(-2). What is the highest common divisor of p and 36?
18
Let o = -21 + 28. Calculate the greatest common divisor of o and 7.
7
Let f = -33 + 55. Suppose -2*z = 2*p + z + 8, 0 = -3*p + 3*z + 18. What is the highest common divisor of p and f?
2
Let o(v) = v**3 + 5*v**2 - v - 2. Let s be o(-5). Suppose 0*c = -3*c - s. Let m be (-7)/c + (-1 - 0). What is the highest common divisor of m and 66?
6
Suppose -4*w = -4*h - 2*w + 18, -h = -4*w - 1. Let c = h - 3. Let j be (-99)/(-5) - c/(-10). What is the highest common divisor of j and 5?
5
Let x(l) be the third derivative of 1/3*l**4 + l**2 + 0 - 1/60*l**5 + 0*l + 5/6*l**3. Let y be x(7). Calculate the highest common divisor of y and 84.
12
Suppose 3*f - 140 = -f. Calculate the highest common factor of 7 and f.
7
Suppose 30 = -i + 4*i. Let j(k) = -k - 5. Let f be j(-8). Suppose g + 220 = f*g. Calculate the greatest common factor of g and i.
10
Let p(r) = -r**3 - 21*r**2 + 2*r + 58. Let s be p(-21). Calculate the highest common factor of s and 256.
16
Let g be (-6)/3 - (-212)/2. Let i = 4 - 1. Let m be i/9 - 76/(-6). What is the greatest common factor of m and g?
13
Let c(n) = 60*n**3 - n**2 + 2*n - 1. Let u be c(1). Suppose -2*t + h = -19, 3*h = -2*t + 16 + 23. Calculate the highest common factor of u and t.
12
Let n(i) = -i**2 - 11*i - 1 - 4 + 9 + 9. Let x be n(-12). What is the highest common divisor of 11 and x?
1
Let l = -882 - -1329. Let w = -943 - -649. Let b = l + w. What is the greatest common divisor of b and 17?
17
Suppose -2*l + 219 = 2*k - l, k - 5*l - 137 = 0. What is the greatest common divisor of k and 16?
16
Let w(x) = -3*x - 8. Let l be w(-12). What is the highest common factor of 7 and l?
7
Suppose 3*r - 31 = 5*j, -2*r - 3*r + 5*j = -55. Let c be (0 - -1)/((-3)/6). Let n be 4/(1/(-60)*c). Calculate the highest common divisor of r and n.
12
Suppose 0*m - 1806 = -2*m. Suppose m = -2*l - l. Let z = l - -477. Calculate the greatest common divisor of 16 and z.
16
Let f(x) = -x**3 - 7*x**2 + 7*x - 4. Let z be f(-8). Calculate the greatest common factor of 28 and z.
4
Let i(j) = j**2 + 2*j - 5. Let d be i(-7). Calculate the greatest common divisor of 105 and d.
15
Suppose 3*g + s - 3*s - 520 = 0, g - 5*s - 156 = 0. Calculate the greatest common factor of 16 and g.
16
Suppose 4*x = -2*y + 8, 0 = 4*y - 0*x + 5*x - 7. Let p be (-4)/y*1*1. Calculate the highest common divisor of p and 16.
2
Let i(b) = b**3 - 3*b - 3. Let w(a) = -a**2 + a - 2. Let q be w(0). Let d be i(q). Let k = d - -6. Calculate the highest common divisor of k and 5.
1
Suppose -5*s + 220 = -0*s. Let v(r) = -r**2 + 15*r - 3. Let z be v(14). Calculate the highest common factor of s and z.
11
Let f = -96 - -210. Calculate the highest common divisor of f and 38.
38
Let q be (-101)/(-3) - 3/(-9). Calculate the highest common factor of q and 85.
17
Suppose -12 = 7*d - 3*d. Let w be 2/3 + (-229)/d. Let l be 3 + -2 - 20/(-2). What is the highest common divisor of w and l?
11
Let p(n) = -n**2 - 3. Let t be p(2). Let z = t - -25. Calculate the greatest common divisor of z and 9.
9
Let a = -22 - -38. Let r = 26 - 18. Calculate the greatest common factor of r and a.
8
Let f = -75 - -108. What is the highest common factor of 88 and f?
11
Let h(w) = w**2 - 2*w. Let y be ((-15)/10)/((-3)/(-16)). Let f be h(y). Let b(d) = -d + 32. Let a be b(0). What is the highest common divisor of f and a?
16
Let w(u) be the first derivative of -47*u**4/4 - u**3/3 - u**2/2 - u - 3. Let y be w(-1). Calculate the highest common factor of y and 69.
23
Let n = 165 + -114. Suppose -u - 3*u = -68. Calculate the highest common factor of n and u.
17
Suppose 64 = -5*o + 194. Suppose -o = 5*n - 5*r - 131, -3*n + r + 61 = 0. Calculate the highest common factor of 180 and n.
20
Let m(j) = -j**2 + 2*j. Let h be m(-5). Let k = 49 + h. Calculate the greatest common factor of 2 and k.
2
Suppose -4*s - 23 + 203 = 0. What is the highest common divisor of 36 and s?
9
Suppose -r - x + 29 = 0, -2*r = -0*r + 5*x - 73. Suppose 0 = -f - 2 + 4. Suppose 5*z = f*z + 48. What is the highest common divisor of r and z?
8
Let b be (-4)/6 + 28/6. Suppose 0 = b*h - 9*h + 330. Calculate the greatest common factor of 6 and h.
6
Suppose -168 = 3*f - 11*f. What is the highest common divisor of f and 7?
7
Let y = -66 + 112. What is the greatest common factor of 230 and y?
46
Let w be 6 + 1 + (0 - 2). Let p(n) = n**2 - 6*n + 4. Let k be p(w). Let z be -1 - (8/(-2) + k). Calculate the highest common divisor of z and 16.
4
Let p(i) = -i + 4. Let n be p(0). Suppose n*l = 4*z - 544, 3*z + 256 = 5*z + 2*l. Calculate the highest common divisor of z and 12.
12
Suppose -10 = -5*m, -m + 19 = -2*l + l. Let c = l + 29. Calculate the greatest common divisor of c and 12.
12
Suppose 3*d + d - 656 = 0. Suppose u = 2*i + i - d, -u = -i + 56. What is the highest common divisor of 36 and i?
18
Suppose l + 11 = 2*l + 5*f, -2*l + f + 11 = 0. Let y(b) = 2*b - 10. Let i be y(6). Suppose -i*t = -l*t + 84. Calculate the highest common factor of 189 and t.
21
Suppose 5*x - 3*v = 1549, -x + v + 314 = -v. What is the greatest common divisor of x and 28?
28
Let v be ((-12)/9)/((-2)/6). Suppose -v*h - 48 = -7*h. Calculate the greatest common divisor of h and 4.
4
Let j(i) = i**2 + 0*i**2 + 3*i - 3*i - i. Let x be j(-6). Calculate the highest common divisor of x and 6.
6
Suppose 5*j = 104 - 24. What is the highest common factor of 4 and j?
4
Let q be 686/35 + (-4)/(-10). Suppose 5 = -n + q. What is the highest common divisor of 60 and n?
15
Suppose -3*d + 108 = 4*j, 2*d + d + 36 = 2*j. Calculate the highest common divisor of j and 3.
3
Let p = -1 - -3. Calculate the highest common factor of 10 and p.
2
Let c be ((-9)/15)/(4/(-80)). Calculate the highest common factor of 6 and c.
6
Let z(u) = u + 22. Let m be z(0). Suppose 11*w + 18 = 20*w. Calculate the highest common divisor of w and m.
2
Let x = 3 - 6. Let t(y) = 2*y**2 + 3*y + 3. Let b be t(x). Let q be -24*(-3 + b/9). What is the greatest common factor of 10 and q?
10
Let q(l) = l**3 + 1 - 4 + 8*l**2 - l - 3 + 2. Let i be q(-8). Calculate the highest common divisor of 2 and i.
2
Let j be 0/2 - (-2 - 0). Suppose 81 = -j*f + 25. Let y be (-6)/(-2*(-3)/f). Calculate the greatest common factor of y and 7.
7
Let v = 34 - -14. Suppose 3*w - v = -w. Suppose 0 = 4*u + w, 3*a = -a - 4*u + 108. Calculate the highest common factor of 12 and a.
6
Let l(i) = -2 - 4 + 7*i + 14*i. Suppose 0 = v - 0*v - 5. Let p be l(v). Calculate the greatest common divisor of 9 and p.
9
Let f be 25 - (0 - 0 - -1). Let t(k) = -k**3 - 6*k**2 - 6*k - 5. Let a be t(-5). Suppose a = j - 12 - 0. What is the greatest common factor of f and j?
12
Suppose -3*u = n, -2*u + 6*u - 2*n = -10. Let k be (-1)/u + (-1 - -58). Suppose -4*j + 30 = -k. Calculate the highest common factor of 55 and j.
11
Suppose 2*q - 3*g - 540 = q, -5*g = 2*q - 1047. What is the greatest common divisor of 59 and q?
59
Suppose 0 = -5*s + 6*s - 44. Calculate the highest common factor of s and 110.
22
Suppose 143 = 4*h - 85. Calcu